culate the remainder when 197 is divided by 21.
8
What is the remainder when 288 is divided by 17?
16
Calculate the remainder when 7598 is divided by 152.
150
What is the remainder when 2374 is divided by 66?
64
What is the remainder when 3759 is divided by 47?
46
Calculate the remainder when 214 is divided by 22.
16
What is the remainder when 30130 is divided by 18?
16
What is the remainder when 1531 is divided by 117?
10
What is the remainder when 16470 is divided by 25?
20
What is the remainder when 58 is divided by 12?
10
Calculate the remainder when 461 is divided by 77.
76
What is the remainder when 258 is divided by 13?
11
Calculate the remainder when 122 is divided by 5.
2
What is the remainder when 2304 is divided by 17?
9
Calculate the remainder when 597 is divided by 30.
27
What is the remainder when 199 is divided by 107?
92
What is the remainder when 21591 is divided by 4?
3
Calculate the remainder when 2446 is divided by 19.
14
Calculate the remainder when 163 is divided by 91.
72
What is the remainder when 36 is divided by 27?
9
Calculate the remainder when 13311 is divided by 14.
11
Calculate the remainder when 88 is divided by 17.
3
Calculate the remainder when 53 is divided by 20.
13
Calculate the remainder when 67 is divided by 12.
7
What is the remainder when 333 is divided by 42?
39
What is the remainder when 917 is divided by 396?
125
Calculate the remainder when 192 is divided by 49.
45
Calculate the remainder when 1327 is divided by 83.
82
Calculate the remainder when 278 is divided by 92.
2
Calculate the remainder when 75 is divided by 36.
3
What is the remainder when 2596 is divided by 84?
76
Calculate the remainder when 151 is divided by 72.
7
Calculate the remainder when 70 is divided by 18.
16
What is the remainder when 168 is divided by 58?
52
Calculate the remainder when 554 is divided by 87.
32
What is the remainder when 5180 is divided by 36?
32
What is the remainder when 113 is divided by 30?
23
Calculate the remainder when 521 is divided by 33.
26
Calculate the remainder when 241 is divided by 121.
120
What is the remainder when 945 is divided by 57?
33
What is the remainder when 347 is divided by 12?
11
Calculate the remainder when 10597 is divided by 756.
13
Calculate the remainder when 969 is divided by 54.
51
Calculate the remainder when 590 is divided by 9.
5
What is the remainder when 256 is divided by 37?
34
Calculate the remainder when 87 is divided by 11.
10
Calculate the remainder when 58991 is divided by 13.
10
Calculate the remainder when 445 is divided by 56.
53
Calculate the remainder when 961 is divided by 52.
25
What is the remainder when 356 is divided by 353?
3
What is the remainder when 305 is divided by 14?
11
What is the remainder when 1955 is divided by 24?
11
Calculate the remainder when 554 is divided by 64.
42
What is the remainder when 5147 is divided by 156?
155
Calculate the remainder when 961 is divided by 73.
12
Calculate the remainder when 2372 is divided by 1186.
0
What is the remainder when 87 is divided by 5?
2
Calculate the remainder when 260 is divided by 26.
0
Calculate the remainder when 330 is divided by 117.
96
What is the remainder when 1130 is divided by 85?
25
Calculate the remainder when 174 is divided by 82.
10
Calculate the remainder when 78 is divided by 10.
8
What is the remainder when 2004 is divided by 41?
36
Calculate the remainder when 137 is divided by 70.
67
Calculate the remainder when 203 is divided by 26.
21
Calculate the remainder when 192 is divided by 39.
36
Calculate the remainder when 47 is divided by 6.
5
What is the remainder when 7886 is divided by 36?
2
What is the remainder when 2532 is divided by 30?
12
Calculate the remainder when 1176 is divided by 197.
191
Calculate the remainder when 1834 is divided by 20.
14
Calculate the remainder when 373 is divided by 183.
7
Calculate the remainder when 102 is divided by 35.
32
What is the remainder when 255 is divided by 26?
21
What is the remainder when 369 is divided by 282?
87
Calculate the remainder when 232 is divided by 18.
16
Calculate the remainder when 3234 is divided by 13.
10
What is the remainder when 186 is divided by 27?
24
What is the remainder when 718 is divided by 7?
4
Calculate the remainder when 83 is divided by 25.
8
What is the remainder when 64 is divided by 39?
25
What is the remainder when 2690 is divided by 23?
22
Calculate the remainder when 594 is divided by 17.
16
What is the remainder when 49 is divided by 9?
4
What is the remainder when 1083 is divided by 91?
82
Calculate the remainder when 1112 is divided by 141.
125
Calculate the remainder when 230 is divided by 58.
56
Calculate the remainder when 978 is divided by 65.
3
What is the remainder when 64 is divided by 63?
1
Calculate the remainder when 1363 is divided by 18.
13
Calculate the remainder when 27389 is divided by 16.
13
Calculate the remainder when 673 is divided by 116.
93
Calculate the remainder when 1423 is divided by 31.
28
Calculate the remainder when 304 is divided by 301.
3
What is the remainder when 11 is divided by 2?
1
What is the remainder when 211 is divided by 107?
104
Calculate the remainder when 69 is divided by 10.
9
What is the remainder when 233 is divided by 26?
25
Calculate the remainder when 78 is divided by 39.
0
What is the remainder when 313 is divided by 21?
19
What is the remainder when 172 is divided by 5?
2
What is the remainder when 7614 is divided by 36?
18
Calculate the remainder when 1518 is divided by 65.
23
Calculate the remainder when 1334 is divided by 224.
214
Calculate the remainder when 103 is divided by 7.
5
Calculate the remainder when 1307 is divided by 191.
161
What is the remainder when 352 is divided by 91?
79
Calculate the remainder when 510 is divided by 104.
94
Calculate the remainder when 848 is divided by 66.
56
Calculate the remainder when 620 is divided by 295.
30
What is the remainder when 1625 is divided by 295?
150
What is the remainder when 194 is divided by 40?
34
Calculate the remainder when 357 is divided by 173.
11
Calculate the remainder when 2400 is divided by 222.
180
Calculate the remainder when 60 is divided by 17.
9
What is the remainder when 714 is divided by 183?
165
Calculate the remainder when 48 is divided by 21.
6
Calculate the remainder when 59 is divided by 37.
22
Calculate the remainder when 2297 is divided by 72.
65
What is the remainder when 303 is divided by 163?
140
What is the remainder when 15 is divided by 3?
0
What is the remainder when 1105 is divided by 78?
13
Calculate the remainder when 285 is divided by 36.
33
What is the remainder when 251 is divided by 185?
66
Calculate the remainder when 169 is divided by 35.
29
Calculate the remainder when 225 is divided by 105.
15
Calculate the remainder when 4167 is divided by 261.
252
Calculate the remainder when 210 is divided by 53.
51
Calculate the remainder when 740 is divided by 69.
50
What is the remainder when 225 is divided by 31?
8
Calculate the remainder when 114 is divided by 25.
14
Calculate the remainder when 1066 is divided by 251.
62
What is the remainder when 330 is divided by 108?
6
Calculate the remainder when 467 is divided by 154.
5
Calculate the remainder when 666 is divided by 174.
144
Calculate the remainder when 4194 is divided by 838.
4
Calculate the remainder when 473 is divided by 300.
173
Calculate the remainder when 402 is divided by 269.
133
What is the remainder when 54 is divided by 21?
12
Calculate the remainder when 497 is divided by 35.
7
What is the remainder when 389 is divided by 52?
25
What is the remainder when 2284 is divided by 77?
51
Calculate the remainder when 2900 is divided by 132.
128
Calculate the remainder when 1718 is divided by 18.
8
What is the remainder when 939 is divided by 309?
12
What is the remainder when 2709 is divided by 113?
110
What is the remainder when 3925 is divided by 119?
117
Calculate the remainder when 3777 is divided by 22.
15
What is the remainder when 132 is divided by 34?
30
What is the remainder when 342 is divided by 49?
48
Calculate the remainder when 2063 is divided by 35.
33
What is the remainder when 276 is divided by 64?
20
What is the remainder when 226 is divided by 7?
2
Calculate the remainder